-22
What is 45 + -52 + 10 + (5 - -1) - 47?
-38
Calculate (10 - 19) + (5 - 98) + 2 - -6.
-94
What is the value of (15 - (9 + 15) - (-4 + 6 + -4)) + 67?
60
Calculate 14 - 28 - (0 + (-8 - (-7 - 0))).
-13
Calculate -3 + ((0 + 5 - 4) + -3 - -7).
2
Calculate (-45 - (-16 + -45)) + 55 + (0 - -1 - -4).
76
-45 + 12 + -16 + -16 + 28
-37
Evaluate (5 - (-111 - -49 - (4 - -4))) + (-5 - -3).
73
73 - -15 - (-11 + 32 + 12 + -16)
71
What is -25 + 35 + 24 + -34?
0
What is the value of -22 + -5 + 46 + (11 - 7)?
23
Evaluate 10 + (8 - (36 - (21 - -7))).
10
Evaluate 32 - (-21 - (25 - 73)).
5
What is the value of (-337 - -238) + (-12 - -59)?
-52
11 - ((27 - 59) + 47)
-4
Calculate 77 - 3 - (0 - 0 - 0) - (-809 - -810).
73
Calculate 51 + (-37 - (21 - 1)).
-6
Calculate (-36 - 20 - -29 - -92) + -2 + 1.
64
-2 - (42 + 22 + 5)
-71
15 - 1 - (101 + 113 - 135)
-65
-1 + 0 - (-485 + 491)
-7
Calculate 90 + -11 + (-31 - 150).
-102
What is 5 + (-5 - (-31 + (9 - -5)))?
17
What is the value of 1 + -15 - (-295 - -288) - (0 + -28 + -3)?
24
Calculate (11 + 5 - (87 - 36)) + 65.
30
What is 29 + (-3 - (-43 - -39 - (-3 - (1 - 3))))?
29
What is the value of 119 - (46 - (15 + 12 - 4))?
96
What is -3 + (-3 - (2 - 40) - (-44 + 49))?
27
What is 28 + 62 + (-47 - 2)?
41
What is (-271 - -136 - -107) + 49?
21
What is 2 + -29 + 36 - ((-1 - -4) + 10)?
-4
What is -2 + 3 + -1 + -12 + -64 + 96?
20
What is the value of -102 + 64 - (1 - 19)?
-20
What is the value of -24 - ((-40 - -29) + -14) - (0 + 8)?
-7
8 + -2 + (-3 + 5 - (-6 + -49 + -1))
64
What is the value of -3 - (37 - 82) - 39?
3
Calculate -68 - (1 + (9 - (10 - -9)) - (-48 - -26)).
-81
43 + -11 + (-8 - -6 - 3)
27
1 - 51 - (-694 - -676)
-32
Calculate 30 + (12 - -29 - 37 - (3 + (-2 - 0))).
33
-80 + -1 - -43 - 75
-113
What is the value of 6 + 13 + (-27 - 5) - -41?
28
What is (205 + -110 - 162) + 76?
9
Calculate (-7 - 20) + 31 + -17.
-13
What is the value of 34 + -3 + -2 - (-808 + 798)?
39
8 - (7 + -4 + 60 + (-8 + -6 - -3))
-44
What is the value of (119 - 92) + 4 + (-5 - 5) + 4?
25
Calculate (2 + 2 - (76 - 9)) + (-2 - (9 + -17)).
-57
What is -35 + -16 + (7 - -8) + 17?
-19
What is the value of -6 - (4 - 15 - -17) - (17 + 59 + -17)?
-71
Evaluate (-26 - -10) + 26 + -21 - 31.
-42
Evaluate -9 + (-50 + 7 - -4 - (-15 - -3)).
-36
Calculate 685 + -643 - (2 - (0 + 1)).
41
Evaluate -1 + 1 + 332 + -320 + (-15 - 1).
-4
Evaluate (-11 - (-15 - (-18 - 21))) + -28.
-63
What is the value of 24 + -152 + 41 + 73?
-14
Calculate 109 - 57 - -15 - 61.
6
Calculate (1 - (9 + -1)) + (121 + 324 - 374).
64
What is -9 - (30 + -59 + 54)?
-34
Calculate 43 - (36 + (10 - 15)).
12
-1 + 10 - (-2 + 30 + 29)
-48
Calculate -95 + 71 + -92 + 57.
-59
What is the value of (8 + 2 - (290 + -192)) + 4?
-84
What is the value of -3 + 40 - (-16 + 36 + 6 - (2 - -13))?
26
What is the value of 0 + -74 + 20 + (-5 - -8)?
-51
(26 - 41) + 42 + -38 - 28
-39
What is 19 - (0 + 83 + (637 - 647))?
-54
Calculate 1 + 0 + -35 + (14 - 32) + 19.
-33
Calculate -1 + -35 - (-16 - (-5 + (2 - (7 + 2)))).
-32
What is (1 + -22 - -10) + (6 - (0 + -5)) + -5?
-5
Evaluate (-344 - -354) + (1 - -7 - 30).
-12
Evaluate 10 + -1 - (30 + -85 + 42).
22
71 - (218 + -49 - 82)
-16
Calculate (-819 - -809) + (-1 - -25) + (-57 - 6).
-49
What is -82 + (39 - -98) - 99?
-44
Evaluate 3 + -2 + 4 - (15 - (-13 - -20) - 50).
47
What is the value of 66 + -109 + (-5 - -6)?
-42
Calculate (2 - 20 - ((9 - 20) + 5)) + 37.
25
(24 - -1) + (1 - 33 - 9)
-16
93 - (44 + 11 - -76)
-38
What is the value of 47 - 48 - (153 + (12 - (46 - 18)))?
-138
What is (-21 - -1) + 16 + 3 + -8 + -1 + -5?
-15
2 - -88 - (16 + (75 - 73) + (-13 - 2))
87
What is (21 - (10 + -47 + 9)) + (-2 - 13) + 1?
35
-61 + 50 + (39 - 40)
-12
48 - -2 - (2289 + -2210)
-29
Calculate -9 + (18 - 6) + 19 + -10 + -9 - 23.
-20
Calculate (-12 - (-9 - 15 - -19)) + (1 - -33).
27
4 + -6 + 72 + (-2 - -2 - (39 - 31))
62
Evaluate -89 + (-3 - ((7 - (17 + 6) - -11) + 16)).
-103
What is 47 - -1 - (-161 - -204)?
5
Calculate 104 - (29 - (97 + -117)).
55
-20 - 2 - (2223 - 2262)
17
958 + -1026 + 56 + -2
-14
-8 + 23 + -43 - -6 - -53
31
(-2 - 16) + -1454 + 1479 + -36 + 1
-28
2 + 125 + -13 + (-54 + 28 - -23)
111
Calculate (3226 - 3321) + 0 + 40.
-55
1319 - 1208 - (16 - 5)
100
Evaluate -25 + 26 + 16 + 1 + -69.
-51
Evaluate 59 - ((26 - (12 - -14)) + -6) - (-1 + 0).
66
What is the value of -173 + (21 - -3) + 7 + 14 + -10 + 4?
-134
Evaluate 1 + 1 - (-11 + -11) - ((55 - -17) + -77).
29
Calculate (52 - (47 + -13)) + -23 - (-77 + 1).
71
What is the value of -7 - (8 + 9 + -66 + -2 + -9 + 9)?
44
What is -6 + 6 + 1 + -561 + 592?
32
What is -5 + (6 - -12) - (-66 + 31 - -43)?
5
What is the value of 10 + 1 + -4 + -2 + 2?
7
What is the value of (-22 - 0 - ((-4 - 6) + -1)) + -45 + 0?
-56
Calculate 85 + -86 + 79 + (-7 + -11 - -6).
66
What is -3 - ((-4 - (-6 + -8)) + 0 + -8) - -57?
52
Evaluate -3533 + 3524 - ((0 - -17) + -2).
-24
What is the value of -2 + 3 + 9 + 2 + (-80 - -1)?
-67
-18 + (-13 - -16) + 21 - (-1 - -15)
-8
Calculate 2 + (-4 - (-7 - 28)).
33
1616 + -1686 + (139 - 1)
68
Evaluate 44 - (11 - (2 + -17 - -18)).
36
What is (13 - -3 - 2) + -66 + -1 + 23?
-30
Evaluate -33 + (182 - 62) + -35.
52
What is 1 + (-1 - -9 - (183 + -71))?
-103
Evaluate (-6 - -2 - -13 - 22) + 11 + 0.
-2
Calculate -45 - (-113 - -64) - (3 + -7 - -116).
-108
What is 8 - (11 + (2 - 11)) - (54 - -3)?
-51
Calculate 23 - ((-98 - -26) + 35) - (-9 + -1).
70
What is 7 + ((-25 - -12) + 10 - (-5 + 1))?
8
What is the value of 11 + -123 + 117 - ((0 - -2 - 52) + -1)?
56
Evaluate (-17 - -2) + -54 - (-25 - -6) - -19.
-31
What is -87 - -38 - -46 - -30?
27
What is -23 + (74 - (12 + -28)) + -24?
43
Evaluate (-20 + 157 - -34) + -127.
44
Evaluate -30 + (-58 + -15 + -13 - -7).
-109
What is (-9 - (-12 + 28)) + (52 - 24)?
3
What is the value of (71 + -85 - (-16 - 2)) + 3 - -11?
18
(2 - (-18 + 16) - 44) + -31
-71
3 + -6 - 22 - (122 - 110)
-37
60 + -161 + 111 - (0 - 1)
11
What is 84 - (-49 + (149 - 54))?
38
Calculate 30 - (-7 + 29 + 1).
7
What is (906 - 1029) + (1 - -61)?
-61
What is the value of -1 + 11 + (5 - 94) + (-6 - (-19 + 1))?
-67
What is the value of -42 + (33 + -18 - -9) - -78?
60
What is 3 + -52 + 46 - (1 - -27)?
-31
What is the value of 19 - 15 - (-8 + -35 + (-1 - -6))?
42
What is the value of 260 + (-57 - 78) + -18?
107
Evaluate (5 - (63 + (-11 - -11))) + 5 + (-7 - -9).
-51
Evaluate -50 + 97 + 98 + -95.
50
Calculate -13 + (24 - 4) + -20 - -12 - 25.
-26
What is the value of (19 - (50 - 34)) + (-5 - 2) - (0 - 65)?
61
What is (42591 - 42534) + (0 + 2 - (-8 - 0 - 0))?
67
What is the value of (43 - 98 - -69) + 2 + -11?
5
What is the value of (21 - 37) + (-3 - -9 - 9)?
-19
56 - (17 + -9 - -21 - 9)
36
Evaluate -6 + (-35 - (-2 - (14 - 11))) - (-2 + -5).
-29
Calculate -58 + -2 + (67 - 42).
-35
Calculate 11 + (0 + 41 - ((-49 - -40) + 17)).
44
Calculate -10 - ((7 - -27) + -19 - 11).
-14
(-66 - -19) + -2 - -67
18
Evaluate 9 - (6 - 3) - -66.
72
Evaluate -28 - (46 - 19 - 44) - (3 + 50).
-64
(16 + -10 - -22) + -94 + 29
-37
What is -186 - -193 - (1 + 10) - (64 + (-23 - -28))?
-73
What is (-2 - 1) + ((2 - 6) + 21 - (-146 + 157))?
3
-39 + 2 - 1 - (-51 + -16 - -67)
-38
Evaluate -170 - (-9 + -159) - (20 + -3 + 3).
-22
Calculate (82 - (-24 - -72)) + 6 + -39.
1
What is the value of (4 + -9 - 27) + 72?
40
Calculate 21 + 2 + -2 - (-165 - -164).
22
What is (60 + -33 - 45) + -12 + -2?
-32
What is the value of 20 + (-48 - (-18 - 21))?
11
What is 188 + -221 - (-6 - -14)?
-41
What is the value of 14 - 0 - (49476 + -49433 - (0 - 0 - -32))?
3
Evaluate 1 + 10 - (0 + 44 - (56 - 52)).
-29
What is -1255 + 1165 - (-12 - 4)?
-74
Evaluate (0 - 129) + -12 + (-16 - 4) + (35 - 4).
-130
What is the value of 7 + -153 + (175 - 85)?
-56
What is the value of (-4172 - -4181) + (0 - 0) + -6 + -119?
-116
Calculate -44 - -28 - (-44 - (-10 + 11)).
29
Evaluate -17 - (2 + (-25 - (-7 + 0))).
-1
What is -3 - (-13 - 5) - (-104 - -109) - -19?
29
(236 - 260) + -30 + 0
-54
What is the value of 6 - (-17 + 10 + 14 - 0)?
-1
Evaluate -3 + (4 - 18) + (-10 + (-11 - -15) - -27).
4
Calculate -138 - (-4 - 19 - -24 - 8).
-131
-5 - (-97 - -206 - 244)
130
Evaluate -3 + 4 + 5 - (93 - 86 - (2 + 6)).
7
Evaluate -1211 + 1171 - (-6 - 102).
68
What is the value of -41 - (-59 - -22 - -26) - -51?
21
What is the value of (-52 - -171 - 126) + -43?